 is the remainder when 19187 is divided by 2131?
8
Calculate the remainder when 43823 is divided by 35.
3
What is the remainder when 1478 is divided by 193?
127
What is the remainder when 4355 is divided by 615?
50
Calculate the remainder when 457700 is divided by 29.
22
What is the remainder when 10933 is divided by 37?
18
What is the remainder when 59439 is divided by 2476?
15
Calculate the remainder when 4287 is divided by 1426.
9
Calculate the remainder when 2309 is divided by 459.
14
What is the remainder when 12755 is divided by 429?
314
What is the remainder when 363411 is divided by 1527?
1512
What is the remainder when 451480 is divided by 94?
92
Calculate the remainder when 2975 is divided by 978.
41
Calculate the remainder when 214 is divided by 103.
8
Calculate the remainder when 1109932 is divided by 18.
16
What is the remainder when 254822 is divided by 150?
122
What is the remainder when 2764 is divided by 165?
124
Calculate the remainder when 1284 is divided by 164.
136
What is the remainder when 88316 is divided by 65?
46
Calculate the remainder when 610027 is divided by 34.
33
What is the remainder when 1753 is divided by 583?
4
What is the remainder when 222143 is divided by 62?
59
What is the remainder when 1268 is divided by 181?
1
Calculate the remainder when 6559 is divided by 49.
42
What is the remainder when 20655 is divided by 535?
325
What is the remainder when 1974 is divided by 109?
12
Calculate the remainder when 20051 is divided by 9.
8
What is the remainder when 12425 is divided by 57?
56
Calculate the remainder when 9540 is divided by 954.
0
What is the remainder when 2988 is divided by 268?
40
Calculate the remainder when 18552 is divided by 1089.
39
Calculate the remainder when 396345 is divided by 718.
9
What is the remainder when 47776 is divided by 11891?
212
What is the remainder when 1476 is divided by 1412?
64
Calculate the remainder when 53281 is divided by 249.
244
Calculate the remainder when 23766 is divided by 277.
221
What is the remainder when 86359 is divided by 34?
33
What is the remainder when 1128 is divided by 1081?
47
Calculate the remainder when 231331 is divided by 28907.
75
Calculate the remainder when 3080 is divided by 923.
311
Calculate the remainder when 79894 is divided by 1332.
1306
What is the remainder when 2542 is divided by 375?
292
What is the remainder when 28762 is divided by 9581?
19
What is the remainder when 212777 is divided by 106?
35
What is the remainder when 14038 is divided by 234?
232
What is the remainder when 880750 is divided by 4?
2
What is the remainder when 27031 is divided by 6731?
107
Calculate the remainder when 936376 is divided by 4315.
21
Calculate the remainder when 144128 is divided by 72027.
74
Calculate the remainder when 3683 is divided by 254.
127
What is the remainder when 39788 is divided by 684?
116
What is the remainder when 19842 is divided by 62?
2
Calculate the remainder when 4407 is divided by 109.
47
Calculate the remainder when 3686 is divided by 1763.
160
Calculate the remainder when 192751 is divided by 7.
6
What is the remainder when 2805 is divided by 928?
21
Calculate the remainder when 340460 is divided by 87.
29
Calculate the remainder when 11739 is divided by 50.
39
Calculate the remainder when 136042 is divided by 455.
452
What is the remainder when 55827 is divided by 2233?
2
What is the remainder when 1717 is divided by 31?
12
What is the remainder when 1138 is divided by 285?
283
What is the remainder when 5585 is divided by 386?
181
Calculate the remainder when 644 is divided by 446.
198
What is the remainder when 22273 is divided by 7269?
466
What is the remainder when 37937 is divided by 14?
11
Calculate the remainder when 18804 is divided by 147.
135
Calculate the remainder when 123819 is divided by 61905.
9
What is the remainder when 170194 is divided by 99?
13
What is the remainder when 2751845 is divided by 10920?
5
Calculate the remainder when 39165 is divided by 613.
546
Calculate the remainder when 10534 is divided by 10498.
36
What is the remainder when 857 is divided by 122?
3
Calculate the remainder when 6336 is divided by 90.
36
What is the remainder when 233112 is divided by 1355?
52
Calculate the remainder when 13034 is divided by 98.
0
What is the remainder when 46145 is divided by 1591?
6
Calculate the remainder when 61443 is divided by 131.
4
Calculate the remainder when 22198 is divided by 590.
368
What is the remainder when 11657 is divided by 1456?
9
What is the remainder when 8226 is divided by 833?
729
Calculate the remainder when 755802 is divided by 251932.
6
Calculate the remainder when 17547 is divided by 1089.
123
What is the remainder when 56672 is divided by 28331?
10
What is the remainder when 13237 is divided by 1203?
4
What is the remainder when 3250 is divided by 201?
34
Calculate the remainder when 9181 is divided by 4307.
567
What is the remainder when 120075 is divided by 79?
74
What is the remainder when 6285 is divided by 182?
97
What is the remainder when 5404 is divided by 773?
766
Calculate the remainder when 5215 is divided by 2120.
975
Calculate the remainder when 40469 is divided by 10117.
1
What is the remainder when 38732 is divided by 144?
140
What is the remainder when 48224 is divided by 113?
86
Calculate the remainder when 43998 is divided by 10.
8
Calculate the remainder when 1003252 is divided by 115.
107
Calculate the remainder when 1676919 is divided by 24.
15
What is the remainder when 99139 is divided by 10?
9
What is the remainder when 1146295 is divided by 851?
849
What is the remainder when 5985 is divided by 5918?
67
What is the remainder when 2821206 is divided by 29?
28
What is the remainder when 2589 is divided by 109?
82
What is the remainder when 13592 is divided by 195?
137
What is the remainder when 1149 is divided by 55?
49
Calculate the remainder when 24071 is divided by 51.
50
What is the remainder when 2358 is divided by 79?
67
What is the remainder when 3405 is divided by 228?
213
Calculate the remainder when 6356 is divided by 1808.
932
Calculate the remainder when 23561 is divided by 60.
41
Calculate the remainder when 15429 is divided by 43.
35
Calculate the remainder when 56546 is divided by 13.
9
Calculate the remainder when 115863 is divided by 1.
0
What is the remainder when 3191 is divided by 106?
11
Calculate the remainder when 38781 is divided by 4841.
53
What is the remainder when 42004 is divided by 10499?
8
Calculate the remainder when 5481 is divided by 100.
81
What is the remainder when 11762 is divided by 3868?
158
Calculate the remainder when 104382 is divided by 4744.
14
What is the remainder when 330982 is divided by 110327?
1
What is the remainder when 1387785 is divided by 107?
102
Calculate the remainder when 2292 is divided by 980.
332
Calculate the remainder when 1409 is divided by 682.
45
What is the remainder when 251831 is divided by 28?
27
Calculate the remainder when 4168 is divided by 47.
32
What is the remainder when 3129 is divided by 2178?
951
Calculate the remainder when 69752 is divided by 77.
67
What is the remainder when 63856 is divided by 10642?
4
What is the remainder when 815 is divided by 165?
155
Calculate the remainder when 74939 is divided by 901.
156
What is the remainder when 3419789 is divided by 2365?
2364
Calculate the remainder when 1840 is divided by 722.
396
Calculate the remainder when 133490 is divided by 33.
5
Calculate the remainder when 5783 is divided by 1878.
149
What is the remainder when 26006 is divided by 23?
16
What is the remainder when 5610 is divided by 1857?
39
Calculate the remainder when 20036 is divided by 4005.
11
Calculate the remainder when 2693 is divided by 2533.
160
Calculate the remainder when 161799 is divided by 15.
9
Calculate the remainder when 32552 is divided by 601.
98
Calculate the remainder when 8591 is divided by 504.
23
Calculate the remainder when 3187 is divided by 10.
7
What is the remainder when 6064 is divided by 290?
264
Calculate the remainder when 1103 is divided by 861.
242
Calculate the remainder when 16149 is divided by 16016.
133
What is the remainder when 1246 is divided by 174?
28
Calculate the remainder when 193254 is divided by 34.
32
What is t